- 7. Let r be f(-3). Let j = 95 + r. What is the highest common factor of 50 and j?
25
Suppose -148 = 7*y - 981. Suppose -3*g = -5*g + u + 48, y = 5*g - 3*u. Let z = -85 - -135. What is the highest common divisor of g and z?
25
Suppose 7*j + 200 - 1320 = 0. Suppose 0 + 3 = 3*v, -5*t = 3*v - 83. What is the greatest common divisor of t and j?
16
Let c be 21/(((-105)/20)/(-7)). Let b be 8/c - (-136)/14. Calculate the greatest common divisor of 10 and b.
10
Suppose -3*a = -15, 0 = 2*o + 2*o - 3*a - 321. Calculate the greatest common factor of 266 and o.
14
Let d = 23 + 30. Let l = -35 + d. Let z = l + -9. What is the greatest common divisor of 1 and z?
1
Suppose -c = 3*b - 33, -35*b = -40*b + 6*c + 78. Calculate the highest common divisor of b and 87.
3
Let c = 76 - -61. Suppose 7*r - 52 = c. What is the highest common factor of r and 3?
3
Suppose -3*w - 24 = -6*w. Let u be 6/(-6) + (-1 - -7) + -1. What is the greatest common divisor of u and w?
4
Suppose -4*n + 150*y = 145*y - 911, 4*y = 4*n - 908. Calculate the highest common divisor of n and 7.
7
Let t be 4/8*-4 - 2. Let d be (-5)/((-40)/(-6))*t. Suppose -p = -8 - d. What is the greatest common divisor of 55 and p?
11
Let v(w) = 6*w**3 + w**2 + 3*w + 3. Suppose -10 = 7*u - 2*u. Let i be v(u). Let c be -5*(i/5 - -4). Calculate the highest common factor of 81 and c.
27
Let d = 26 - 34. Let r = 14 + d. Calculate the greatest common divisor of 42 and r.
6
Let l be ((-6)/18)/(3/(-1071)). Let z = -24 + 31. What is the highest common divisor of l and z?
7
Let p(k) = 5*k + 14. Let m be p(0). Suppose 8 + 6 = a. What is the greatest common factor of m and a?
14
Let j(c) = c**3 + 7*c**2 + 4*c - 1. Let m be j(-6). Suppose 9*v = 5*v + 4. Let w(d) = 97*d + 2. Let o be w(v). Calculate the highest common divisor of m and o.
11
Suppose 4804 = 29*i + 1672. What is the greatest common factor of i and 12?
12
Suppose -2*f + 4*h = -2792, -67*f + 64*f - 4*h = -4228. What is the highest common divisor of f and 6?
6
Suppose -96*l = -2112 - 1632. What is the highest common divisor of l and 299?
13
Let p = 1029 - 999. Let l = -70 + 115. What is the greatest common factor of p and l?
15
Let k = 716 - 616. What is the highest common factor of k and 80?
20
Let i be (-1002)/((-9)/(-6) - 3). Let n = i + -477. Suppose 0 = -3*g + n - 2. What is the highest common divisor of 7 and g?
7
Let q be -3 - (4*3)/(-3). Let s = 116 - 110. Calculate the highest common divisor of s and q.
1
Let l be -2 - (-1 + -5 + 2). Let w be (l/5)/((-3)/(-420)). What is the highest common divisor of 14 and w?
14
Let k(b) = 87*b - 26. Let p be k(6). Suppose -p = -17*a + a. Calculate the highest common factor of a and 341.
31
Suppose -9*n - 11 + 308 = 0. What is the highest common factor of n and 22?
11
Suppose 2*b + 3*x = 16, -5*x = -2*b - 2*x + 28. Calculate the highest common divisor of b and 33.
11
Let c(q) = q**3 + 5*q**2 + 3*q + 1. Let v be c(-2). Let f = -84 + 116. Suppose v*b - 5*b = f. Calculate the greatest common factor of b and 8.
8
Let o = 62 - 10. Let f = 84 - 198. Let p = f - -192. Calculate the greatest common factor of o and p.
26
Let f be (2 - 1 - -2) + 13 + 152. Let g = 7 - -14. Calculate the greatest common factor of f and g.
21
Let c be (-1044)/(-45) - (4 - 76/20). What is the highest common factor of c and 253?
23
Let w(u) = u**2 - 34*u + 68. Let t be w(32). What is the highest common divisor of 388 and t?
4
Suppose -15*y - 152 + 602 = 0. Suppose 139 = 2*j - 1. What is the highest common divisor of y and j?
10
Suppose 3*k + l - 90 = -l, -2*k - 4*l + 68 = 0. Let m(p) = -p**2 + 22*p + 4. Let u be m(0). What is the highest common factor of u and k?
4
Suppose 5*u = 3*d + 58, 0 = -u - 4*u + 2*d + 62. Let x be (u/(-4))/(4/8). Let j be x/14 + (-62)/(-4). What is the greatest common factor of 45 and j?
15
Let h be (-6)/(-21) + 40517/217. What is the greatest common factor of h and 17?
17
Suppose 0*t = 3*t + 75. Let j be (-1)/5 + (-380)/t. Calculate the greatest common divisor of 3 and j.
3
Suppose 30*o - 3760 = 25*o. Calculate the greatest common factor of o and 47.
47
Suppose -2*k - 5*p + 745 = 0, -3*k - 4*p + 626 + 474 = 0. What is the greatest common divisor of k and 40?
40
Suppose -2*u - 460 = -5*n + 3*u, 2*u = -n + 80. Let r(t) = t**3 + t**2 + t + 22. Let z be r(0). What is the highest common factor of n and z?
22
Let h(p) = -p - 3. Let z be h(-11). Let v(m) = -10*m - 226. Let a be v(-33). Calculate the greatest common factor of z and a.
8
Suppose 0 = 3*d + 6*c - 11*c - 12, 4*d + 2*c - 16 = 0. Suppose -396 = 2*u - d*u. What is the highest common factor of u and 18?
18
Let w(a) = -a**2 + 9*a + 4. Let f be w(5). Let g = 37 - f. What is the greatest common factor of 104 and g?
13
Let o be 2/(-8) + (-4695)/(-60). Calculate the greatest common divisor of 130 and o.
26
Suppose -53*f + 59 = -15*f - 207. Suppose 46 = 2*v - 2*z, 3*v + 4 - 69 = z. What is the highest common divisor of f and v?
7
Let w be 2/22 + (-42471)/(-1331). What is the greatest common factor of w and 180?
4
Let p be 1442/42 + (-2)/6*-2. What is the greatest common factor of p and 875?
35
Let c(y) = y**2 + 6*y + 8. Suppose -3*t + 5*r + 10 = -0*r, -r + 15 = -4*t. Let a be c(t). What is the highest common factor of 6 and a?
3
Let c(y) = -5*y + 3. Suppose -5*x - 25 = 3*z, 0 = -4*z - 3*x - 11 - 15. Let p be c(z). Let m be 6*1*14/p. What is the greatest common factor of 12 and m?
3
Let i = 112 + -111. Calculate the greatest common factor of 29 and i.
1
Let c be 19/(-57) - 326/(-6). What is the highest common divisor of c and 81?
27
Let r(t) = 3*t**2 + 3*t + 1. Let i be r(-2). Let b = -108 - -157. Calculate the greatest common factor of i and b.
7
Let v(c) = c**2 - 10*c + 1. Let w be v(10). Let t = -306 + 309. Calculate the greatest common factor of t and w.
1
Suppose -4*x = -0*x - 320. Suppose 3*c + 26 = z, -4*z + 2*z - c + x = 0. Let t = -27 + z. What is the highest common factor of t and 99?
11
Suppose -94 = -5*l + 2*l - g, 0 = 3*l + 4*g - 88. Calculate the highest common divisor of 72 and l.
8
Suppose -11*d + 10*d + 20 = 0. What is the highest common factor of 3140 and d?
20
Let t(d) = -2*d**2 - 14*d + 178. Let j be t(-8). Suppose -3*z = 2*z - 2*w - 88, -3*w = -2*z + 33. What is the highest common factor of z and j?
18
Let y = 145 + -82. Let n = y + -36. Calculate the highest common divisor of 189 and n.
27
Suppose 460*l - 452*l - 840 = 0. What is the greatest common factor of 30 and l?
15
Let t(k) = 2*k**2 - 53*k - 109. Let b be t(-14). What is the highest common divisor of 100 and b?
25
Suppose 0 = 24*s - 18*s - 9744. Calculate the greatest common divisor of s and 56.
56
Let d(s) = -1 - 12*s**3 + 7*s - 8*s**3 - 6*s - 3*s. Let m be d(-1). Let n(y) = 20*y**2 - 3*y - 2. Let a be n(-2). What is the highest common divisor of m and a?
21
Let z be -4 - (-3 + 3 - 1). Suppose -13*m - 20 = -3*m. Let n = m - z. Calculate the highest common factor of n and 4.
1
Let o be ((-3)/(-9))/(5/(-150)). Let c be 2119/65 + ((-12)/o)/3. Let r(d) = d**3 - 2*d - 1. Let g be r(2). Calculate the greatest common factor of g and c.
3
Let p be (-7)/(-5) + -2 + (-365)/(-25). Let c be 88/p - (-12)/(-42). What is the greatest common divisor of 54 and c?
6
Suppose -20 = 3*q - 4*q - 4*o, o = 2*q - 13. What is the greatest common divisor of q and 224?
8
Let r = 532 + -442. What is the greatest common factor of r and 225?
45
Let x(p) = p**3 + 10*p**2 + p + 16. Let v be x(-10). Suppose -2*k + 89 = -19. What is the greatest common divisor of k and v?
6
Suppose -13*w - 504 = -19*w. Suppose w = 4*x - 4*b, 3*x - 3*b + b - 66 = 0. Suppose -2*s = -0*s - 16. What is the greatest common divisor of s and x?
8
Let w be (3 - -130)*108/63. What is the highest common divisor of w and 84?
12
Let i(r) = -r**3 + r + 27. Let s be 2/(-10) - 10/(-50). Let m be i(s). Calculate the greatest common factor of 9 and m.
9
Let a(m) = 4 + 1 - 4*m + 2*m + m. Let w be a(-10). Calculate the greatest common divisor of 10 and w.
5
Let l(a) = 6*a**2 + 7*a + 5. Let v be l(-5). Suppose 0 = -5*y - 2*z + 119, 4*y - 3*y - 2*z = 31. Let f = 37 - y. What is the greatest common divisor of v and f?
12
Suppose -3*i + 2*l = 2*i - 62, 0 = -5*i - 4*l + 56. Suppose y - 2*y + 2 = 0. Suppose -28 = y*s - 9*s. What is the greatest common divisor of s and i?
